{"id":339,"date":"2024-12-16T14:28:10","date_gmt":"2024-12-16T14:28:10","guid":{"rendered":"https:\/\/topmotrieukhuc.vn\/tmtk\/?page_id=339"},"modified":"2024-12-17T01:07:37","modified_gmt":"2024-12-17T01:07:37","slug":"8938561051068-2","status":"publish","type":"page","link":"https:\/\/topmotrieukhuc.vn\/tmtk\/index.php\/8938561051068-2\/","title":{"rendered":"T\u00f3p M\u1ee1 Tri\u1ec1u Kh\u00fac &#8211; T\u00fai \u0110\u1ecf 250 GR"},"content":{"rendered":"\n<figure class=\"wp-block-image aligncenter size-large\"><img loading=\"lazy\" decoding=\"async\" width=\"1024\" height=\"576\" src=\"https:\/\/topmotrieukhuc.vn\/tmtk\/wp-content\/uploads\/2024\/12\/Top-mo-Trieu-Khuc.zip-1-1024x576.png\" alt=\"\" class=\"wp-image-350\" srcset=\"https:\/\/topmotrieukhuc.vn\/tmtk\/wp-content\/uploads\/2024\/12\/Top-mo-Trieu-Khuc.zip-1-1024x576.png 1024w, https:\/\/topmotrieukhuc.vn\/tmtk\/wp-content\/uploads\/2024\/12\/Top-mo-Trieu-Khuc.zip-1-300x169.png 300w, https:\/\/topmotrieukhuc.vn\/tmtk\/wp-content\/uploads\/2024\/12\/Top-mo-Trieu-Khuc.zip-1-768x432.png 768w, https:\/\/topmotrieukhuc.vn\/tmtk\/wp-content\/uploads\/2024\/12\/Top-mo-Trieu-Khuc.zip-1-1536x864.png 1536w, https:\/\/topmotrieukhuc.vn\/tmtk\/wp-content\/uploads\/2024\/12\/Top-mo-Trieu-Khuc.zip-1.png 1600w\" sizes=\"auto, (max-width: 1024px) 100vw, 1024px\" \/><\/figure>\n\n\n\n<p>Th\u00f4ng tin s\u1ea3n ph\u1ea9m:<br>T\u00f3p m\u1ee1 Tri\u1ec1u Kh\u00fac &#8211; T\u00fai \u0110\u1ecf &#8211; 250gr (Gi\u00f2n lo\u1ea1i to d\u00f9ng cho gia \u0111\u00ecnh, qu\u00e1n bia)<br>Th\u00e0nh ph\u1ea7n: T\u00f3p M\u1ee1 L\u1ee3n v\u00e0 Gia V\u1ecb<br>M\u00e0u s\u1eafc bao b\u00ec: T\u00fai gi\u1ea5y Kraff nh\u00e3n \u0110\u1ecf<br>Kh\u1ed1i l\u01b0\u1ee3ng t\u1ecbnh: 250 gr<br>H\u01b0\u1edbng d\u1eabn s\u1eed d\u1ee5ng: \u0102n tr\u1ef1c Cho m\u1ee1 ho\u1eb7c d\u1ea7u \u0103n v\u00e0o ch\u1ea3o nh\u1ecf s\u00e2u l\u00f2ng. \u0110un n\u00f3ng m\u1ee1 v\u1eeba ph\u1ea3i (130-150 \u0111\u1ed9 C). \u0110\u1ed5 t\u00f3p v\u00e0o cho ng\u1eadp m\u1ee1. H\u00e2m n\u00f3ng: V\u1edbt t\u00f3p ra khi c\u00f2n nhi\u1ec1u b\u1ecdt. L\u00e0m gi\u00f2n h\u01a1n: V\u1edbt t\u00f3p ra khi c\u00f2n \u00edt b\u1ecdt. L\u00e0m gi\u00f2n nh\u1ea5t: V\u1edbt t\u00f3p ra khi h\u1ebft b\u1ecdt.<br>V\u1edbt t\u00f3p ra \u0111\u0129a s\u1ea1ch, \u0111\u1ec3 tho\u00e1ng 3-5 ph\u00fat t\u00f3p s\u1ebd gi\u00f2n l\u1ea1i. <br>H\u01b0\u1edbng d\u1eabn b\u1ea3o qu\u1ea3n: B\u1ea3o qu\u1ea3n ng\u0103n m\u00e1t t\u1ee7 l\u1ea1nh<br>Th\u00f4ng tin c\u1ea3nh b\u00e1o: Kh\u00f4ng s\u1eed d\u1ee5ng s\u1ea3n ph\u1ea9m khi s\u1ea3n ph\u1ea9m c\u00f3 m\u00f9i h\u00f4i, n\u1ea5m m\u1ed1c ho\u1eb7c c\u00f3 d\u1ea5u hi\u1ec7u b\u1ea5t th\u01b0\u1eddng<br>S\u1ea3n xu\u1ea5t t\u1ea1i: C\u00f4ng ty C\u1ed5 ph\u1ea7n Xinh Home<br>\u0110\u1ecba ch\u1ec9: S\u1ed1 41, Ng\u00f5 215 Tri\u1ec1u Kh\u00fac, X\u00f3m C\u1ea7u, T\u00e2n Tri\u1ec1u, Thanh Tr\u00ec, H\u00e0 N\u1ed9i<br>Xu\u1ea5t x\u1ee9: Vi\u1ec7t Nam<br>NSX: In tr\u00ean bao b\u00ec<br>HSD: 15 ng\u00e0y trong m\u00f4i tr\u01b0\u1eddng th\u01b0\u1eddng, 30 ng\u00e0y trong t\u1ee7 m\u00e1t, 3 th\u00e1ng trong t\u1ee7 \u0111\u00f4ng<br>Gi\u00e1 ni\u00eam y\u1ebft: 168.000 VND<\/p>\n\n\n\n<figure class=\"wp-block-image aligncenter size-large\"><img loading=\"lazy\" decoding=\"async\" width=\"1024\" height=\"341\" src=\"https:\/\/topmotrieukhuc.vn\/tmtk\/wp-content\/uploads\/2024\/12\/HUONG-DAN-CHIEN-LAI-TOP-MO-TRIEU-KHUC-1024x341.png\" alt=\"\" class=\"wp-image-255\" srcset=\"https:\/\/topmotrieukhuc.vn\/tmtk\/wp-content\/uploads\/2024\/12\/HUONG-DAN-CHIEN-LAI-TOP-MO-TRIEU-KHUC-1024x341.png 1024w, https:\/\/topmotrieukhuc.vn\/tmtk\/wp-content\/uploads\/2024\/12\/HUONG-DAN-CHIEN-LAI-TOP-MO-TRIEU-KHUC-300x100.png 300w, https:\/\/topmotrieukhuc.vn\/tmtk\/wp-content\/uploads\/2024\/12\/HUONG-DAN-CHIEN-LAI-TOP-MO-TRIEU-KHUC-768x256.png 768w, https:\/\/topmotrieukhuc.vn\/tmtk\/wp-content\/uploads\/2024\/12\/HUONG-DAN-CHIEN-LAI-TOP-MO-TRIEU-KHUC-1536x512.png 1536w, https:\/\/topmotrieukhuc.vn\/tmtk\/wp-content\/uploads\/2024\/12\/HUONG-DAN-CHIEN-LAI-TOP-MO-TRIEU-KHUC.png 1773w\" sizes=\"auto, (max-width: 1024px) 100vw, 1024px\" \/><\/figure>\n\n\n\n<figure class=\"wp-block-image aligncenter size-large\"><img loading=\"lazy\" decoding=\"async\" width=\"724\" height=\"1024\" src=\"https:\/\/topmotrieukhuc.vn\/tmtk\/wp-content\/uploads\/2024\/12\/odayban-724x1024.jpg\" alt=\"\" class=\"wp-image-243\" srcset=\"https:\/\/topmotrieukhuc.vn\/tmtk\/wp-content\/uploads\/2024\/12\/odayban-724x1024.jpg 724w, https:\/\/topmotrieukhuc.vn\/tmtk\/wp-content\/uploads\/2024\/12\/odayban-212x300.jpg 212w, https:\/\/topmotrieukhuc.vn\/tmtk\/wp-content\/uploads\/2024\/12\/odayban-768x1086.jpg 768w, https:\/\/topmotrieukhuc.vn\/tmtk\/wp-content\/uploads\/2024\/12\/odayban-1087x1536.jpg 1087w, https:\/\/topmotrieukhuc.vn\/tmtk\/wp-content\/uploads\/2024\/12\/odayban.jpg 1415w\" sizes=\"auto, (max-width: 724px) 100vw, 724px\" \/><\/figure>\n\n\n\n<figure class=\"wp-block-image aligncenter size-full\"><img loading=\"lazy\" decoding=\"async\" width=\"764\" height=\"765\" src=\"https:\/\/topmotrieukhuc.vn\/tmtk\/wp-content\/uploads\/2024\/12\/IMG_9612.jpeg\" alt=\"\" class=\"wp-image-369\" srcset=\"https:\/\/topmotrieukhuc.vn\/tmtk\/wp-content\/uploads\/2024\/12\/IMG_9612.jpeg 764w, https:\/\/topmotrieukhuc.vn\/tmtk\/wp-content\/uploads\/2024\/12\/IMG_9612-300x300.jpeg 300w, https:\/\/topmotrieukhuc.vn\/tmtk\/wp-content\/uploads\/2024\/12\/IMG_9612-150x150.jpeg 150w\" sizes=\"auto, (max-width: 764px) 100vw, 764px\" \/><\/figure>\n\n\n\n<figure class=\"wp-block-image aligncenter size-full\"><img loading=\"lazy\" decoding=\"async\" width=\"764\" height=\"765\" src=\"https:\/\/topmotrieukhuc.vn\/tmtk\/wp-content\/uploads\/2024\/12\/IMG_9608.jpeg\" alt=\"\" class=\"wp-image-368\" srcset=\"https:\/\/topmotrieukhuc.vn\/tmtk\/wp-content\/uploads\/2024\/12\/IMG_9608.jpeg 764w, https:\/\/topmotrieukhuc.vn\/tmtk\/wp-content\/uploads\/2024\/12\/IMG_9608-300x300.jpeg 300w, https:\/\/topmotrieukhuc.vn\/tmtk\/wp-content\/uploads\/2024\/12\/IMG_9608-150x150.jpeg 150w\" sizes=\"auto, (max-width: 764px) 100vw, 764px\" \/><\/figure>\n\n\n\n<figure class=\"wp-block-image aligncenter size-full\"><img loading=\"lazy\" decoding=\"async\" width=\"764\" height=\"765\" src=\"https:\/\/topmotrieukhuc.vn\/tmtk\/wp-content\/uploads\/2024\/12\/IMG_9611.jpeg\" alt=\"\" class=\"wp-image-370\" srcset=\"https:\/\/topmotrieukhuc.vn\/tmtk\/wp-content\/uploads\/2024\/12\/IMG_9611.jpeg 764w, https:\/\/topmotrieukhuc.vn\/tmtk\/wp-content\/uploads\/2024\/12\/IMG_9611-300x300.jpeg 300w, https:\/\/topmotrieukhuc.vn\/tmtk\/wp-content\/uploads\/2024\/12\/IMG_9611-150x150.jpeg 150w\" sizes=\"auto, (max-width: 764px) 100vw, 764px\" \/><\/figure>\n\n\n\n<figure class=\"wp-block-image aligncenter size-large\"><img loading=\"lazy\" decoding=\"async\" width=\"722\" height=\"1024\" src=\"https:\/\/topmotrieukhuc.vn\/tmtk\/wp-content\/uploads\/2024\/11\/kiemtra-1-722x1024.jpg\" alt=\"\" class=\"wp-image-204\" srcset=\"https:\/\/topmotrieukhuc.vn\/tmtk\/wp-content\/uploads\/2024\/11\/kiemtra-1-722x1024.jpg 722w, https:\/\/topmotrieukhuc.vn\/tmtk\/wp-content\/uploads\/2024\/11\/kiemtra-1-211x300.jpg 211w, https:\/\/topmotrieukhuc.vn\/tmtk\/wp-content\/uploads\/2024\/11\/kiemtra-1-768x1090.jpg 768w, https:\/\/topmotrieukhuc.vn\/tmtk\/wp-content\/uploads\/2024\/11\/kiemtra-1.jpg 902w\" sizes=\"auto, (max-width: 722px) 100vw, 722px\" \/><\/figure>\n\n\n\n<figure class=\"wp-block-image aligncenter size-large\"><img loading=\"lazy\" decoding=\"async\" width=\"724\" height=\"1024\" src=\"https:\/\/topmotrieukhuc.vn\/tmtk\/wp-content\/uploads\/2024\/11\/iso-1-724x1024.jpg\" alt=\"\" class=\"wp-image-202\" srcset=\"https:\/\/topmotrieukhuc.vn\/tmtk\/wp-content\/uploads\/2024\/11\/iso-1-724x1024.jpg 724w, https:\/\/topmotrieukhuc.vn\/tmtk\/wp-content\/uploads\/2024\/11\/iso-1-212x300.jpg 212w, https:\/\/topmotrieukhuc.vn\/tmtk\/wp-content\/uploads\/2024\/11\/iso-1-768x1086.jpg 768w, https:\/\/topmotrieukhuc.vn\/tmtk\/wp-content\/uploads\/2024\/11\/iso-1-1086x1536.jpg 1086w, https:\/\/topmotrieukhuc.vn\/tmtk\/wp-content\/uploads\/2024\/11\/iso-1-1448x2048.jpg 1448w, https:\/\/topmotrieukhuc.vn\/tmtk\/wp-content\/uploads\/2024\/11\/iso-1.jpg 1810w\" sizes=\"auto, (max-width: 724px) 100vw, 724px\" \/><\/figure>\n\n\n\n<figure class=\"wp-block-image aligncenter size-full\"><img loading=\"lazy\" decoding=\"async\" width=\"764\" height=\"765\" src=\"https:\/\/topmotrieukhuc.vn\/tmtk\/wp-content\/uploads\/2024\/12\/TOP-MO-TRIEU-KHUC-2.png\" alt=\"\" class=\"wp-image-263\" srcset=\"https:\/\/topmotrieukhuc.vn\/tmtk\/wp-content\/uploads\/2024\/12\/TOP-MO-TRIEU-KHUC-2.png 764w, https:\/\/topmotrieukhuc.vn\/tmtk\/wp-content\/uploads\/2024\/12\/TOP-MO-TRIEU-KHUC-2-300x300.png 300w, https:\/\/topmotrieukhuc.vn\/tmtk\/wp-content\/uploads\/2024\/12\/TOP-MO-TRIEU-KHUC-2-150x150.png 150w\" sizes=\"auto, (max-width: 764px) 100vw, 764px\" \/><\/figure>\n\n\n\n<div class=\"wp-block-buttons is-layout-flex wp-block-buttons-is-layout-flex\">\n<div class=\"wp-block-button\"><a class=\"wp-block-button__link wp-element-button\" href=\"https:\/\/s.shopee.vn\/6ATk1O3GR1\">Mua Qua Shopee<\/a><\/div>\n\n\n\n<div class=\"wp-block-button\"><a class=\"wp-block-button__link wp-element-button\" href=\"https:\/\/nguonhang.sieu.re\/products\/top-mo-trieu-khuc-goi-qua-tang-250gr-gion-chua-bao-gom-ship--AcaZEf1d3xRdxKmZwuHmaE\">Mua Online<\/a><\/div>\n<\/div>\n","protected":false},"excerpt":{"rendered":"<p>Th\u00f4ng tin s\u1ea3n ph\u1ea9m:T\u00f3p m\u1ee1 Tri\u1ec1u Kh\u00fac &#8211; T\u00fai \u0110\u1ecf &#8211; 250gr (Gi\u00f2n lo\u1ea1i to d\u00f9ng cho gia \u0111\u00ecnh, qu\u00e1n bia)Th\u00e0nh ph\u1ea7n: T\u00f3p M\u1ee1 L\u1ee3n v\u00e0 Gia V\u1ecbM\u00e0u s\u1eafc bao b\u00ec: T\u00fai gi\u1ea5y Kraff nh\u00e3n \u0110\u1ecfKh\u1ed1i l\u01b0\u1ee3ng t\u1ecbnh: 250 grH\u01b0\u1edbng d\u1eabn s\u1eed d\u1ee5ng: \u0102n tr\u1ef1c Cho m\u1ee1 ho\u1eb7c d\u1ea7u \u0103n v\u00e0o ch\u1ea3o nh\u1ecf s\u00e2u l\u00f2ng. [&hellip;]<\/p>\n","protected":false},"author":1,"featured_media":0,"parent":0,"menu_order":0,"comment_status":"closed","ping_status":"closed","template":"","meta":{"footnotes":""},"class_list":["post-339","page","type-page","status-publish","hentry"],"_links":{"self":[{"href":"https:\/\/topmotrieukhuc.vn\/tmtk\/index.php\/wp-json\/wp\/v2\/pages\/339","targetHints":{"allow":["GET"]}}],"collection":[{"href":"https:\/\/topmotrieukhuc.vn\/tmtk\/index.php\/wp-json\/wp\/v2\/pages"}],"about":[{"href":"https:\/\/topmotrieukhuc.vn\/tmtk\/index.php\/wp-json\/wp\/v2\/types\/page"}],"author":[{"embeddable":true,"href":"https:\/\/topmotrieukhuc.vn\/tmtk\/index.php\/wp-json\/wp\/v2\/users\/1"}],"replies":[{"embeddable":true,"href":"https:\/\/topmotrieukhuc.vn\/tmtk\/index.php\/wp-json\/wp\/v2\/comments?post=339"}],"version-history":[{"count":8,"href":"https:\/\/topmotrieukhuc.vn\/tmtk\/index.php\/wp-json\/wp\/v2\/pages\/339\/revisions"}],"predecessor-version":[{"id":382,"href":"https:\/\/topmotrieukhuc.vn\/tmtk\/index.php\/wp-json\/wp\/v2\/pages\/339\/revisions\/382"}],"wp:attachment":[{"href":"https:\/\/topmotrieukhuc.vn\/tmtk\/index.php\/wp-json\/wp\/v2\/media?parent=339"}],"curies":[{"name":"wp","href":"https:\/\/api.w.org\/{rel}","templated":true}]}}